git of z?
9
Let u(d) = -d**3 + 16*d**2 - d + 22. Let j = 2 + 14. Let r be u(j). Let s(q) = 4*q**2 - 13*q - 2. What is the tens digit of s(r)?
6
Let w = 264 + -259. Suppose w*r - 2*f = 2846, 0*r - 2*r - 3*f + 1146 = 0. What is the units digit of r?
0
Suppose 69 = 12*u - 639. Suppose 0*k - k = -4*b + 717, -5*b = 5*k - 890. Let o = b - u. What is the tens digit of o?
2
Let u(j) = -5*j - 110. Let d be u(-23). Suppose 2 = d*w - 83. What is the tens digit of w?
1
Let y = 18795 + -11039. Suppose -27*x + 35269 = y. What is the tens digit of x?
1
Suppose 3*z - 34 = -s + 152, -z + 3*s + 62 = 0. Let c = z + 222. What is the units digit of c?
4
Suppose 3*i + 110 = 8*i. Suppose 4*p - l = 108, -3*p - l + 64 = -17. Let h = p + i. What is the units digit of h?
9
Suppose n - 5 = -1, -3*n = c - 35206. What is the tens digit of c?
9
What is the units digit of ((-18)/9 + -10928)*(-16)/32?
5
Let i(v) = v**2 + 16*v - 14. Let x be i(-17). Let p(r) = 12*r**3 + 4*r**2 - 10 - 15*r**2 - 7*r - 11*r**x. What is the units digit of p(12)?
0
Let y be ((-15)/45 - (-8900)/6)*1. Suppose 3*a - y = -2*l - 45, -l = -3*a + 1423. What is the units digit of a?
6
Suppose -4*p - 3*j + 13 = -19, j - 19 = -3*p. Let t be 1 + ((-183)/p - (-6)/(-15)). Let x = t - -134. What is the tens digit of x?
9
Let m(k) = -33*k + 51. Let f(q) = q + 2. Let j(p) = -12*f(p) + m(p). What is the hundreds digit of j(-7)?
3
Let k = 33 + 99. Let y = 636 - k. What is the hundreds digit of y?
5
Let h(b) = b**3 + 7*b + 3*b**3 - 15*b + b**2 - 2 + 3*b. What is the tens digit of h(2)?
2
Let m(r) be the first derivative of 3*r**5/20 - r**4/3 + 5*r**3/6 - r**2 + 14*r + 12. Let u(x) be the first derivative of m(x). What is the tens digit of u(3)?
5
Suppose 11 = -5*s + 1, 3*s - 18616 = -2*r. What is the thousands digit of r?
9
Suppose -10*i + 6*i = -15*i + 521884. What is the tens digit of i?
4
Let y = -9214 + 17737. What is the hundreds digit of y?
5
What is the units digit of 10/((-50)/(-118155))*(-11)/(99/(-6))?
4
Let j be (-7)/(-1) + (4 - 6). Suppose -20 + j = -3*t. Suppose t*u = 8*u - 42. What is the tens digit of u?
1
Let x = 44249 + -31662. What is the ten thousands digit of x?
1
Suppose -b = -2*w + 6439 - 21250, -74031 = -5*b + 4*w. What is the hundreds digit of b?
8
What is the hundreds digit of 10612 + (4 + -12 - 3)?
6
Suppose -28*g + 38*g = 0. Suppose g = 2*m - s - 384, -4*m - 7*s = -2*s - 782. What is the units digit of m?
3
Let c = -382 + 97. Let f = -64 - c. Suppose -7*p = -31 - f. What is the tens digit of p?
3
Suppose -8*r + 10 = -6*r. Let g be 4*r/(-110) - (-387)/11. Let d = g - -10. What is the units digit of d?
5
Suppose -2*h - m + 7 = 0, -6*h = -10*h - 5*m + 5. What is the tens digit of h - (3 + 1 + 4 + -780)?
7
Suppose 4*y = -18 - 6. Let h be -1059*y/9 + -1. What is the tens digit of (2/(-6))/((20/(-4))/h)?
4
Let j = 141 - 145. Suppose 8*c - 6*c + 2060 = 0. What is the units digit of c/(-15) + j/6?
8
Let x(l) = -l**3 - 67*l**2 - 66*l - 406. What is the hundreds digit of x(-68)?
7
Suppose 3*y - 4*i = 5, y - 6 = -i - 2*i. Let a be (-29)/(y/(-10)*16/(-24)). Let j = 69 - a. What is the tens digit of j?
1
What is the thousands digit of (28/21)/((-14)/(-41601))?
3
Suppose 75*p - 74*p - 2 = 0. Suppose t - 2 = 0, -t - 3 = p*h - 11. Suppose -78 = -u + h*j + 17, 5 = -5*j. What is the tens digit of u?
9
Suppose -65370 = -15*o + 22*o - 9*o. What is the hundreds digit of o?
6
Let j(m) = -8051*m**3 + 14*m + 14. What is the thousands digit of j(-1)?
8
Let w(d) = 11653*d - 5993. What is the hundreds digit of w(3)?
9
Let t(i) = 217*i**2 + 12*i + 98. What is the units digit of t(9)?
3
Let a be 1534/4 + 69/(-46). Suppose -2*p - 376 = -4*p + 2*l, 4*l = -2*p + a. What is the tens digit of p?
8
What is the units digit of 3*(2449252/57)/13?
6
Let h(x) be the first derivative of 140*x**3/3 + 3*x**2/2 - 2*x + 63. What is the units digit of h(1)?
1
Let c(x) = x**3 - 7*x + 3. Suppose -b + 66 = 99. Let l = b - -38. What is the units digit of c(l)?
3
Let b be 1/(-3) - 16/(-3). Let i(f) = 24*f - 75. What is the tens digit of i(b)?
4
Suppose 0*a + 3*a = 0. Suppose a = -8*n + 1106 + 150. Let h = -99 + n. What is the units digit of h?
8
Let r = 230 - -211. Let x be ((-10)/4)/(2/4). What is the units digit of 4/(-23 + 3) - r/x?
8
What is the units digit of 184444/91*(-5)/(60/(-42))?
4
Suppose 23*n - 1204 = 521. What is the hundreds digit of (n/(-12))/(2/(-120))?
3
Suppose 4*c - 18 = b, 3*b - 18 = -2*c - 2. Suppose 3*x - 5*v = 59, -89 = b*x - 5*x - v. What is the tens digit of x?
2
Let k be (1 - 4)/(-6)*46. Let f = k - 16. Suppose -f*h + 3*h = -88. What is the units digit of h?
2
Suppose -4*a + 2*i = -10, -3 - 12 = -5*i. Suppose 15 = 3*t + 3*r, a = r + 2. Suppose 4*k + 4*d = -0*d + 124, -2*k + t*d + 47 = 0. What is the units digit of k?
8
Let c(g) = g**2 - 38*g + 226. What is the thousands digit of c(-80)?
9
What is the hundreds digit of (-95599)/(-5) - (-6)/12*(-4)/(-10)?
1
Suppose -4*x + 3*n - 1 = -13, x + 16 = -4*n. Suppose 0 = -j - 0 - x. Suppose -5*y = -2*f - j*f - 170, -170 = -5*y + 4*f. What is the tens digit of y?
3
Let g(w) = 27 - 20*w + 22*w**2 + 11*w**3 - 4*w**3 - 6*w**3 - 2*w**2. Let u be g(-21). Suppose -2*b + u + 18 = 0. What is the units digit of b?
2
Let v be (8 - 132/18)*3. Suppose -v*q + 229 = -311. What is the hundreds digit of q?
2
Let d(g) = 3*g**2 - 138*g - 673. What is the thousands digit of d(62)?
2
What is the hundreds digit of (9764/(-10))/((-48)/360)?
3
What is the ten thousands digit of (-56)/(-36) + (-3752774)/(-261)?
1
Let b(l) = 2*l**2 - 9*l - 11. Let w be b(-7). Let r = w - -321. What is the tens digit of r?
7
What is the tens digit of 2 - (-646168)/88 - (-14)/77?
4
What is the thousands digit of (-72204)/99*((-90)/(-4))/(-5)?
3
Let n(t) = t**2 + 5*t - 2. Let m(f) = -6*f - 30. Let j be m(-4). Let g be n(j). Let p(l) = 43*l + 25. What is the hundreds digit of p(g)?
1
Let z be 9/(36/20)*2/5. What is the units digit of 11/(z*7/1022)?
3
Suppose 36*u - 31*u - 4*g = 23112, 3*u = 3*g + 13866. What is the units digit of u?
4
Let b(j) = 5 + 3*j - 21 + 17*j**2 + 8*j + 8*j**2 + 32*j**2. What is the hundreds digit of b(3)?
5
Let u = 27 - 62. Let w be 77/u + (-2)/(-10). What is the tens digit of (-37)/(3/6*w)?
3
Let c be 2*66/72 - (-5)/30. Suppose 2*z + 62 = c*r, -9*r - z = -12*r + 103. What is the units digit of r?
6
Let i be -5 - (-7 - (-24)/6). Let m = 5 + -5. What is the tens digit of (27/i + m)*(-8 - -2)?
8
Let b(l) = 5*l**2 - 13*l - 6. Let n(k) = 15*k**2 - 38*k - 18. Let j(h) = -17*b(h) + 6*n(h). Let y be j(6). What is the units digit of (4/(-12) - -1)/(2/y)?
4
Let o(b) = -9 + 43*b**2 - 2 - 44*b**2 + 15*b. Let z be o(9). Suppose k - z = 9. What is the units digit of k?
2
Suppose -5 = -z - 4*z. Suppose -o + 1 = -4*a, -3*a - 3*o + 2 + z = 0. Suppose -g - 3*g + v + 235 = a, 73 = g - 5*v. What is the tens digit of g?
5
Suppose 3*l = l + 86. Let n = 44 - l. What is the tens digit of (n + -2 - -3)*20?
4
Let d(y) = 7 + 8 - 23 - 16*y. Suppose 18*j - 13*j + 20 = 0. What is the tens digit of d(j)?
5
Suppose 5 = t, 3*h + 2*t + 153 = -491. Let c = 5 + 0. What is the hundreds digit of h/(-8 + c - (0 + -1))?
1
Suppose 4*c - 76 = -2*t, -c = -5*t + 11 - 41. Let y be 6/(-4) + 1 + 468/24. Suppose 102 = c*s - y*s. What is the units digit of s?
2
Suppose 596171 + 592786 = 219*r - 969507. What is the hundreds digit of r?
8
Let c(d) = 2*d**2 - 2*d + 2117. Let z be c(0). Suppose 5*q = 4*x - z, 4*q - 9*q + 2635 = 5*x. What is the units digit of x?
8
Let g(x) = -56*x - 25. Let z be g(-12). Let j = z + -153. What is the units digit of j?
4
Let o(a) = 4*a**2 + 33*a + 36. Let b be o(-22). Suppose -15*r = -3359 - b. What is the units digit of r?
7
Suppose -3*h = -5*j - 4, h + 55 = -4*h - 4*j. Let b(o) = 22*o + 14. Let n be b(h). Let k = 242 + n. What is the hundreds digit of k?
1
Let a(p) = -p**3 + 8*p**2 - 9*p - 16. What is the hundreds digit of a(-36)?
3
Let m(c) = -c**3 + 7*c**2 + 9*c - 6. Let y be m(8). Suppose 5 = -l - y*a, 4*l - 5*a = -4*a + 16. What is the units digit of (50/l)/(13/39)?
0
Suppose -4*b = r + 11, -2*r - r + 6*b - 69 = 0. Let f(o) = -28*o + 172. What is the units digit of f(r)?
4
Suppose -434 = -2*y - 5*j, 4*j + 562 = 4*y - 278. Let v = -358 + y. Let r = v + 269. What is the tens digit of r?
2
Suppose 0 = 13*r +